 What are the prime factors of ((-22)/n)/(m/63)?
3, 7
Suppose 0 = 3*u - 2*r - 221, 4*u + 3*r = -r + 268. What are the prime factors of u?
71
Let r = -24 + 15. Let g(a) = a + 13. What are the prime factors of g(r)?
2
Let n = 144 + -96. What are the prime factors of n?
2, 3
Suppose -d = -3*f + 2*d - 18, -3*d = -6. Let l be (3 + f)/((-1)/5). Suppose -2*g = 3*r - 33, -31 = -2*g - 0*g - l*r. What are the prime factors of g?
2, 3
Suppose 3*c - 7 = -v + 4*c, -3*c = 0. Suppose -3*j = -14 - 10. Suppose v*p = j*p - 22. What are the prime factors of p?
2, 11
Suppose -w - 3 = -14. List the prime factors of w.
11
Let z(g) = 8*g - 33. List the prime factors of z(17).
103
Let i(d) = d - 4. Let u = -13 - -18. Let t be i(u). Suppose -f + t = -16. List the prime factors of f.
17
Let j = 2 + 2. Let h(t) = 25*t**2. Let c be h(1). Suppose -3*x + c = j. List the prime factors of x.
7
Let j(l) = -l + 9. Let w(p) = 9. Let q(m) = -4*j(m) + 3*w(m). List the prime factors of q(6).
3, 5
Let p(w) = -10*w - 7. Let g be p(-4). Let z = 74 - g. List the prime factors of z.
41
What are the prime factors of (-17)/1*(-5 - 0)?
5, 17
Suppose 3*j + i = 45, 0*j - j = -5*i + 1. Suppose -b + 3*b - j = 0. List the prime factors of -1 + 2 + -2 + b.
2, 3
Let g be 1/2 - 15/(-6). Suppose -g*o = o + 12. What are the prime factors of (2 + o)*(0 + -9)?
3
Let k(b) = -b**3 - 25*b**2 + 21*b + 5. What are the prime factors of k(-26)?
3, 5
Let f(d) = -d**3 - 14*d**2 + 13*d - 20. List the prime factors of f(-15).
2, 5
Let z(w) = 3*w**2 - w. Let k be z(5). Let h = k - 50. Let d = 32 - h. What are the prime factors of d?
2, 3
Let f(a) = -5*a + 2. List the prime factors of f(-5).
3
Let l(w) be the first derivative of 2*w - 2 - 2*w**2 + 2/3*w**3. What are the prime factors of l(2)?
2
Suppose -m - 64 = -5*t, 3*t - 33 = -m - 1. What are the prime factors of t?
2, 3
Suppose 5*y - 190 = 2*j, 0 = -0*y - 3*y + 4*j + 114. List the prime factors of y.
2, 19
Suppose 8*f + 2*f = 1610. What are the prime factors of f?
7, 23
List the prime factors of 80*1 - 0/3.
2, 5
Suppose -5*u - 4*u = -72. List the prime factors of u.
2
Suppose 3*g - y - 1020 = 0, -6*g + 2*g - y + 1367 = 0. What are the prime factors of g?
11, 31
List the prime factors of (-1 + 8)/((-25)/(-225)).
3, 7
Let w = -52 + 105. What are the prime factors of w?
53
Let w(s) = s**3 - 4*s**2 - s - 4. Let y be (1 - 0)/(2/10). What are the prime factors of w(y)?
2
Let h(x) = x**2 + x + 14. What are the prime factors of h(-6)?
2, 11
Let w = 29 - 19. Let r be (2/(-4))/((-2)/12). Suppose -4*s = -16, 0 = r*h - 4*s - s - w. List the prime factors of h.
2, 5
Let u = 81 + -33. List the prime factors of u.
2, 3
Let j(s) be the first derivative of -s**3 - 3*s + 1 - 1/4*s**4 + 1/2*s**2. List the prime factors of j(-4).
3
Let k(z) = -z**2 + 5*z + 8. Let c be k(8). List the prime factors of 1/(-4) + (-532)/c.
3, 11
Suppose 0 = -2*x + 11 + 13. Let r = x + -42. Let j = r - -43. What are the prime factors of j?
13
List the prime factors of (12/18)/((-2)/(-99)).
3, 11
Let t(q) = q - 4. Let f be t(8). Suppose 2*s - 196 = -f*v - s, -2*v + 98 = 3*s. Suppose -4*b - 9 = -v. List the prime factors of b.
2, 5
Let v = -213 - -373. What are the prime factors of v?
2, 5
Suppose 0 = 2*t + 5*i - 18, -2*t + 3*t = i + 9. Let k = t - 6. List the prime factors of ((-20)/6)/((-2)/k).
5
Let z(y) = y + 1. Let k be z(7). Let j = k - 0. Let q(n) = n**2 - 7*n - 5. List the prime factors of q(j).
3
Suppose 2*y + 3*b - 24 = -b, 0 = -5*y - 5*b + 75. Suppose 4*x - 4*c + 3*c = 131, x - 4*c - 14 = 0. Let i = x - y. List the prime factors of i.
2
Let v = 811 + -533. What are the prime factors of v?
2, 139
Let n(k) = -k**2 - 10*k - 13. Let x be n(-6). What are the prime factors of x + 2/(-1) + 4?
13
Let c = 437 + -245. List the prime factors of c.
2, 3
Let s(o) = o + 3. Let p be s(-5). Let q be (17/p)/(11/(-22)). List the prime factors of (-1 - -2 - 1) + q.
17
Suppose 0 = -2*l + 42 + 10. What are the prime factors of l?
2, 13
Let d be (32/12 - 0) + 2/(-3). Let m(l) = -l**2 + 5*l - 1. Let s be m(4). Suppose -o = -d*g + s*o + 36, -o - 5 = 0. What are the prime factors of g?
2
Let c(a) = a**2 - 4*a + 5. What are the prime factors of c(7)?
2, 13
Let v(u) = -29*u + 22. List the prime factors of v(-8).
2, 127
Suppose 3*x = -2*t - 2*x + 8, 4*t + 2*x = 0. List the prime factors of 12 + 12 + t*2.
2, 11
What are the prime factors of (0 + 1)/(4 + 158/(-40))?
2, 5
Let g be 1*-40*(-14)/(-35). Let q = g + 22. What are the prime factors of q?
2, 3
Suppose 5*w = w - 64. Let n = w - -27. What are the prime factors of n?
11
Let s(v) = -v - 2. Let z be s(-3). Let y = 4 - z. Suppose -3*u - y*k = -54, 3*u + k = -u + 69. List the prime factors of u.
17
Let b(t) = t**2 - 3*t. Let j be b(3). Let r be j*((-2)/4)/1. Suppose 5*m + 5 = 5*l, -2*m = 5*l - r*m - 33. What are the prime factors of l?
5
Let a(v) = -v**2 + 11*v. List the prime factors of a(8).
2, 3
Let r(x) = 3 + 2*x - 4 + 5. What are the prime factors of r(7)?
2, 3
Let u(g) = 2*g**2 + 8*g - 2. Let k(l) = l**2 + 8*l - 3. Let q(w) = -5*k(w) + 6*u(w). List the prime factors of q(-3).
2, 3, 7
Suppose -3*j - 5 = o + 2*j, 2*o = -j - 1. Suppose i + 3*i - 8 = o. List the prime factors of i.
2
Suppose 5*w + 65 = -4*c, 4*c + 0 - 7 = 3*w. Let m = w - -28. List the prime factors of m.
19
Suppose n + 2*t - 6*t - 141 = 0, 0 = -2*n - 2*t + 252. What are the prime factors of n?
3, 43
What are the prime factors of (256/(-20))/((-6)/15)?
2
Let j be ((-3 - -2) + 1)*1. Let h = j - -7. What are the prime factors of h?
7
Let v be 31/5 + (-2)/10. Suppose i + 10 = p, -4*i - 26 + v = 0. Suppose -a - p*m + 2 = 5, 2*a - 3*m = 33. What are the prime factors of a?
2, 3
Suppose -2*n - 19 = -5*w, -2*w + 3*n - 1 = -2. Suppose 5*k - 2*d + 6 = 2*k, 15 = -w*k + 5*d. Suppose k*i = -3*i + 24. What are the prime factors of i?
2
Let w(r) = -r - 13. Let j be w(-4). Let d = 22 + j. List the prime factors of d.
13
Let y(j) = j**2 + 4*j - 6. Let p(q) = -q**2 + 7*q - 5. Let w be p(7). Let m be y(w). Let h(k) = 7*k**2. List the prime factors of h(m).
7
What are the prime factors of (-1744)/(-40) - 2/(-5)?
2, 11
Suppose 0 = 4*m - 0*m. Suppose 2*h = -2*b + 18, m*h = -3*b + 2*h + 7. Suppose 4*d + 7 = -3*l, -4*d = -b*l + 17 + 14. What are the prime factors of l?
3
Suppose -12 = -0*v - 4*v. Let a be v/(-2)*(-16)/12. Suppose 5*w - 55 = -3*f, 2*w - 5*f + a = 24. What are the prime factors of w?
11
Let b(k) = -k**3 + 16*k**2 - 46*k - 11. What are the prime factors of b(9)?
2, 71
Let w(y) = -4*y**3 - y**2 - y - 1. Suppose 0 = 4*d + 2*r - 4, d + d - 2*r + 10 = 0. List the prime factors of w(d).
3
Suppose -63 = -6*x + 3*x. Suppose 4*k - x = 7. List the prime factors of k.
7
Suppose -3*l - g = 3*g - 14, 0 = 5*l + 3*g - 16. Suppose 0 = -0*n - n + l*u - 5, -2*n = 5*u - 35. Let p = n + 3. What are the prime factors of p?
2
Suppose -5*r - 7 = -4*g, g - 3*r = -g + 3. Suppose -g*b - 3*n = -0*b - 24, 0 = b + 5*n - 12. What are the prime factors of b?
7
Let i be 2/(-1) - 0 - -7. List the prime factors of (1 + i)*2/6.
2
Suppose 0 = 2*w - 853 + 185. List the prime factors of 12/(-66) - w/(-22).
3, 5
Let g(p) = -20*p + 1. List the prime factors of g(-3).
61
Suppose -3*q + 12 = q. Suppose 10 = q*m - 23. List the prime factors of m.
11
Suppose -4*x - 5*a + 149 = 0, -5*x - 3*a = -99 - 71. Suppose 2*f = 3*r + f - 49, 2*r - f - x = 0. List the prime factors of r.
2, 3
Let h = -105 + 159. What are the prime factors of h?
2, 3
Let f be 10/4 + 6/12. Let s(w) = -w + 14. Let z be s(-10). Suppose -z = -5*a + f*a. What are the prime factors of a?
2, 3
Suppose -5*s + 178 = -4*x, 0 = -2*s + 3*x + 15 + 59. List the prime factors of s.
2, 17
Let l be 1/(-1) + 0 - -1. Suppose -p + l*p = 0. Let z = p - -7. What are the prime factors of z?
7
Let g = -3 + 3. Suppose -3*s + 2*s + 4 = g. List the prime factors of ((-2)/s)/(2/(-20)).
5
Suppose 5*i = 17 + 23. Suppose p - i = -p. Let f(x) = -x**2 + 5*x - 2. What are the prime factors of f(p)?
2
Let i(k) = 40*k**2 - 7. What are the prime factors of i(3)?
353
Let s = 130 - -54. What are the prime factors of s?
2, 23
Suppose -8*x + 3*x = 25. Let f(n) = -n - 3. Let o be f(x). Suppose -3*q = o*q - 45. What are the prime factors of q?
3
Suppose 4*a = 5*m - 225, -2*m - 3*m - 3*a = -190. What are the prime factors